 tens digit of (-28794)/(-12) + 15/(-10)?
9
Let h(i) = -171*i - 2. Let m be h(4). Let d = -487 - m. What is the tens digit of d?
9
Let u be 10/(-60) - (-2)/12. Suppose u = -3*n - 2*n - 50. What is the units digit of n/15*-108 + -2?
0
Let o(z) = 2*z**2 - 19*z + 5. What is the tens digit of o(15)?
7
Suppose 5*y - 16 = 2*o - 0*y, 3*o + y = 10. Suppose -784 - 44 = -5*v - 3*q, -o = -2*q. What is the hundreds digit of v?
1
Suppose 2*w = 1 + 1. Suppose v = 15 + w. Suppose 5*b = 56 - v. What is the units digit of b?
8
Let q = 2119 + -1112. What is the tens digit of q?
0
Suppose -5*w + 2*n + 23 = 0, -3*w + 5*w = 5*n + 5. Suppose -930 - 300 = -w*c. What is the tens digit of c?
4
Let q = -72 - -77. Suppose 44 = q*p - 156. What is the tens digit of p?
4
Let w(m) = m**3 - 26*m**2 - 4*m + 98. What is the hundreds digit of w(28)?
5
Suppose -2*f = -0*m - m + 365, -m + 4*f = -363. What is the tens digit of m?
6
Suppose 0 = -30*u + 38*u - 1896. What is the units digit of u?
7
Suppose -4*r = -20, 0 = -3*c - 2*c + 2*r - 10. What is the tens digit of ((-336)/40)/((-1)/5 + c)?
4
Let a = -5 - -1. Let z(x) = -x**3 - 2*x**2 + 2*x. What is the units digit of z(a)?
4
Let q(f) = f**2 - 5*f + 4. Let v be q(4). Let j = 45 - 39. Suppose 3*m - j*m + 6 = v. What is the units digit of m?
2
Suppose -117*b + 172025 + 118837 = 0. What is the tens digit of b?
8
What is the thousands digit of (-1 - -2293)/(6 - 20/5)?
1
Suppose -16*f + 8 = 104. What is the units digit of (f*5/(-8))/(51/952)?
0
Let w be (6 + 54)/((-6)/(-8)). Suppose -4*k - k - w = 0. What is the units digit of (5/(-10))/(2/k)?
4
Let f(k) = 3*k**2 - 7*k - 72. What is the tens digit of f(-17)?
1
Let p = 45 - -144. What is the hundreds digit of p?
1
Let d(q) = 14*q**2 + q + 3. Suppose -2*l + 12 = 3*a, 2*a - a + 7 = 3*l. What is the units digit of d(a)?
1
Suppose -20*w + 1006 = -18*w. What is the tens digit of w?
0
Let p be 7 - (0/(-1) - -2). Suppose p*w - 141 = -5*a - 26, 0 = -3*a + 4*w + 55. What is the tens digit of a?
2
Let s(o) be the third derivative of -o**4/12 + 17*o**3/6 - 2*o**2. Let d be s(7). Suppose -2*p = -71 - d. What is the tens digit of p?
3
Suppose 5*y + 132 = 8*y. Suppose c + 8 = y. What is the tens digit of c?
3
Let f = 17 - 8. Let s(a) = a + 1. Let u be s(6). Let x = f + u. What is the tens digit of x?
1
Suppose -6*v = -4*v + 56. Let c = v + 97. What is the units digit of c?
9
Let x(o) = -o**2 - 2*o + 3. Let b be x(-9). What is the tens digit of (-2*24/(-10))/((-6)/b)?
4
Let x(a) = -a**2 + 15*a - 7. Let k(t) = t**3 + 3*t**2 - 3*t - 3. Let y be k(-2). What is the units digit of x(y)?
9
Let u(v) = 14 + 4 + 2*v**3 - 3*v**3 - v + 56 - v**2. What is the tens digit of u(0)?
7
Let l be ((-4)/(-6))/(8/60). Suppose -2*z = -2*p + 50, -4*p + 65 = -p - l*z. What is the units digit of p?
0
Suppose 5*b + 4*k = 2*k + 62, 5*b - 5*k - 90 = 0. Let r be 10*(3*-2 - -2). What is the units digit of 4/b + r/(-7)?
6
Suppose 0 = -4*h + 6*h - 186. Let l = -31 + h. What is the units digit of l?
2
Let n(z) be the first derivative of 29*z**3/3 - 7*z - 9. What is the tens digit of n(3)?
5
Let l(c) = 3*c**2 - 5*c**2 + c**2 - 3*c - c**3 + 6 - 3*c**2. What is the tens digit of l(-6)?
9
Let f = -380 + 817. What is the tens digit of f?
3
Let g(m) = -m**3 - 8*m**2 + 9*m. Let p be g(-9). Let f = 4 + p. Suppose -2*o + f*j = -o - 21, 0 = 5*o - j - 10. What is the units digit of o?
1
Let s = -951 + 2489. What is the units digit of s?
8
Let w = 2778 - 91. What is the tens digit of w?
8
Suppose -c = 5*p - 2820, 3*p - 4*c - 1493 - 176 = 0. What is the hundreds digit of p?
5
Suppose 4*g + 5 = 5*g. Suppose -g*i = -4*i - 2. Suppose -i*n - 3*n = -60. What is the units digit of n?
2
Let w = 7773 + -5042. What is the thousands digit of w?
2
Let l(f) = -f**3 - 19*f**2 - 34*f - 5. What is the tens digit of l(-19)?
4
Let b(l) = -20*l + 12. Let g be b(-6). Let a = -74 + g. What is the units digit of a?
8
Let p = -37 - 46. Let g = p - -126. What is the tens digit of g?
4
Let p(z) = 94*z - 22. Let f be p(7). Suppose -2*q = -4*b + f, -b = -2*b + q + 160. What is the tens digit of b?
5
Let d(t) = -7*t + 5 + 21*t - 9*t. What is the tens digit of d(2)?
1
Suppose z - 2*z + f + 305 = 0, -3*f - 1225 = -4*z. What is the tens digit of z?
1
Let x(q) = -q**3 - 3*q**2 - q - 3. Let y be x(-3). Let j(a) = -a**2 + 2*a - 6. Let v be j(y). What is the units digit of ((-76)/v)/((-18)/(-27))?
9
Let x = 37 - 37. Suppose -190 = -5*h - x*h + 2*d, 5*d - 47 = -2*h. What is the units digit of h?
6
Suppose 3*i - 527 - 1876 = 0. What is the hundreds digit of i?
8
Let n(q) = 2*q**3 + q - 50. What is the tens digit of n(6)?
8
Let c = 184 + -99. Let o = c - 37. What is the tens digit of o?
4
Suppose 205 = -0*g + 5*g. Suppose -2*k = -w - 6*k + 8, g = 3*w - 5*k. Suppose -2*r = 2*r - w. What is the units digit of r?
3
Suppose 0 = -0*p - p + 563. Suppose 0 = -5*b - 128 + p. What is the tens digit of b?
8
Suppose 4*i = 3*s + 8, -4*s + 11 = -5*i + 4*i. Suppose 0 = b - i + 12. What is the units digit of 2/b + (-3590)/(-70)?
1
Suppose 4 = -3*o - 2*p - 2, -o = 4*p + 12. Suppose 39 = v - 0*v + 3*u, 3*v + 5*u - 129 = o. What is the tens digit of v?
4
Let s(h) = -h - 2. Let a(o) = -3. Let j(c) = 5*a(c) - 6*s(c). What is the units digit of j(5)?
7
Let m be 3247/102 - (-1)/6. Let s = m - 11. What is the tens digit of s?
2
Let s be (14/8)/((-2)/(-152)). Let j = s - 78. What is the units digit of j?
5
Let u = -72 + 132. What is the units digit of (u - -18)*(-2)/(-4)?
9
Let b = -89 - -92. Suppose 0 = -3*j - 4*a + 448, b*j - 2*a - a - 483 = 0. What is the tens digit of j?
5
Suppose -w - 2 = -3*b, 3 = w + 3*b - 7. Suppose -5*a + 852 = w*x - 25, -5*a + 853 = -4*x. What is the units digit of a?
3
Let s(o) = 38*o + 2. Let i be s(-1). Let c = i + 40. Suppose g - 34 = -c*f, -5*g + 3*g + 2*f = -48. What is the units digit of g?
6
Suppose -2315 = -12*a + 6145. What is the tens digit of a?
0
Suppose 12 = 4*x - x. Suppose x*c = 5 - 53. What is the units digit of (-18)/((27/c)/3)?
4
Let m(i) = 4*i + 68. Let n be m(-16). Suppose -3*j - n*d + 246 = -d, 0 = -3*j + 2*d + 241. What is the tens digit of j?
8
Let y be 3/(-5)*(-14 - (-1)/(-1)). Suppose 0 = -2*b + y*b - 1022. What is the units digit of b?
6
Suppose -5 + 2 = -d. Suppose 0 = -2*z + 4, d*z - 11 = m + 1. What is the tens digit of 3*(-32)/m + -2?
1
Suppose v = 34*v - 1650. What is the tens digit of v?
5
Let r(m) be the third derivative of m**6/120 - m**5/12 + m**4/6 - m**3 + 14*m**2. Let j = 10 - 5. What is the tens digit of r(j)?
1
Let t(i) = -i**2 + 36*i + 19. Let w(u) = -3*u**2 + 72*u + 39. Let z(p) = -5*t(p) + 2*w(p). What is the tens digit of z(-12)?
7
What is the tens digit of 2201 - (5 - (11 + -3))?
0
Let k be 3 + (-3 - -5) + 2. Let c = k - 3. Suppose -q - 15 = -c*q. What is the units digit of q?
5
Let v be (6/(-4))/(27/(-4896)). Suppose v = 6*h + 2*h. What is the units digit of h?
4
What is the units digit of 2/(-6) + 25952/96?
0
Suppose -7*j + 13775 = 3954. What is the units digit of j?
3
Let b = 15 + -13. Let z be (4 - b)/(2/18). What is the units digit of (z - 13)*(-18)/(-10)?
9
Let c be (54/(-36))/(3/(-10)). Suppose -c*b + 461 + 589 = 0. What is the units digit of b?
0
Let g(l) = -l**2 - l - 1. Let f(j) = -4*j**2 + 2. Let p(s) = f(s) + 5*g(s). Let t be p(-3). Let m = 137 + t. What is the tens digit of m?
6
Let w(v) = 11*v + 1370. What is the units digit of w(20)?
0
Suppose 0 = 3*a - 4 - 8. What is the tens digit of (-4 - -256)/a + 0?
6
What is the units digit of (3 - (-65)/(-39))/((-4)/(-237))?
9
Let v(b) = b**2 - 4*b + 4. Suppose 0 = y + 2*y + 24. What is the hundreds digit of v(y)?
1
Suppose 0 = -5*c + 139 + 1486. Suppose j = 5*b + 6*j - c, 5*b - 335 = 5*j. What is the units digit of b?
6
Suppose 12818 = -65*x + 91*x. What is the tens digit of x?
9
Suppose -26 = -2*v - 16. Suppose 175 + 30 = 5*g - 5*h, -3*g + 121 = -v*h. What is the tens digit of g?
4
Suppose 0 = 3*t + 2*t - 315. Let x = -35 + t. What is the tens digit of x?
2
Let o = -2 + -10. Let w = -7 - o. Suppose 0*x = -4*g - 4*x + 4, -5*g = -w*x - 55. What is the units digit of g?
6
What is the hundreds digit of (10/8)/((-13405)/(-1340) + -10)?
3
Let i = -112 - -67. Let w = i - -84. What is the tens digit of w?
3
Suppose -2*l - 53 = 5*t, -2*l - 5*t = -3*l + 11. Let w = 24 + l. What is